{"id":1134,"date":"2025-03-16T11:11:47","date_gmt":"2025-03-16T11:11:47","guid":{"rendered":"https:\/\/www.made-in-slovakia.com\/?page_id=1134"},"modified":"2025-03-25T08:38:06","modified_gmt":"2025-03-25T08:38:06","slug":"domov-2","status":"publish","type":"page","link":"https:\/\/www.made-in-slovakia.com\/","title":{"rendered":"DOMOV"},"content":{"rendered":"\t\t<div data-elementor-type=\"wp-page\" data-elementor-id=\"1134\" class=\"elementor elementor-1134\">\n\t\t\t\t<div class=\"elementor-element elementor-element-ff1e7bc e-flex e-con-boxed e-con e-parent\" data-id=\"ff1e7bc\" data-element_type=\"container\" data-settings=\"{&quot;animation_mobile&quot;:&quot;lightSpeedIn&quot;}\">\n\t\t\t\t\t<div class=\"e-con-inner\">\n\t\t\t\t<div class=\"elementor-element elementor-element-2dca396 elementor-widget elementor-widget-heading\" data-id=\"2dca396\" data-element_type=\"widget\" data-widget_type=\"heading.default\">\n\t\t\t\t<div class=\"elementor-widget-container\">\n\t\t\t\t\t<h2 class=\"elementor-heading-title elementor-size-default\">M\u00f4J pr\u00edbeh<\/h2>\t\t\t\t<\/div>\n\t\t\t\t<\/div>\n\t\t\t\t<div class=\"elementor-element elementor-element-048c574 elementor-widget elementor-widget-text-editor\" data-id=\"048c574\" data-element_type=\"widget\" data-widget_type=\"text-editor.default\">\n\t\t\t\t<div class=\"elementor-widget-container\">\n\t\t\t\t\t\t\t\t\t<p>M\u00f4j pr\u00edbeh sa za\u010dal v roku 2022, ke\u010f som sa rozhodol priv\u00edta\u0165 do svojho \u017eivota prv\u00e9ho boxera. Vtedy som ani len netu\u0161il, \u017ee by som sa niekedy mohol sta\u0165 chovate\u013eom. M\u00f4j prv\u00fd pes, napriek v\u0161etk\u00e9mu \u00fasiliu a invest\u00edci\u00e1m, pod\u013eahol izospori\u00e1ze (parazit, ktor\u00fd sa objavuje v\u00a0\u010drev\u00e1ch a\u00a0u\u00a0\u0161teniat sp\u00f4sobuje smr\u0165). V\u00a0mojom pr\u00edpade bolo toto ochorenie spojen\u00e9 nedostato\u010dnou starostlivos\u0165ou v\u00a0r\u00e1mci chovu zo strany majite\u013eov chovnej stanice. Po dlhom prem\u00fd\u0161\u013ean\u00ed som sa rozhodol, \u017ee nechcem, aby podobn\u00fd osud postihol aj in\u00fdch. Na v\u00fdbere chovnej stanice naozaj z\u00e1le\u017e\u00ed. Preto som sa zaviazal, \u017ee v bud\u00facnosti urob\u00edm nie\u010do pre slovensk\u00fd chov boxerov, aby som ochr\u00e1nil tieto n\u00e1dhern\u00e9 a temperamentn\u00e9 zvierat\u00e1 pred podobn\u00fdm osudom.<\/p>\t\t\t\t\t\t\t\t<\/div>\n\t\t\t\t<\/div>\n\t\t\t\t\t<\/div>\n\t\t\t\t<\/div>\n\t\t<div class=\"elementor-element elementor-element-ad843c5 e-flex e-con-boxed e-con e-parent\" data-id=\"ad843c5\" data-element_type=\"container\">\n\t\t\t\t\t<div class=\"e-con-inner\">\n\t\t<div class=\"elementor-element elementor-element-4d140c2 e-con-full e-flex e-con e-child\" data-id=\"4d140c2\" data-element_type=\"container\">\n\t\t\t\t<div class=\"elementor-element elementor-element-5a267b0 elementor-widget__width-initial elementor-widget elementor-widget-image\" data-id=\"5a267b0\" data-element_type=\"widget\" data-settings=\"{&quot;_animation_mobile&quot;:&quot;lightSpeedIn&quot;}\" data-widget_type=\"image.default\">\n\t\t\t\t<div class=\"elementor-widget-container\">\n\t\t\t\t\t\t\t\t\t\t\t\t\t\t\t<img fetchpriority=\"high\" decoding=\"async\" width=\"1024\" height=\"627\" src=\"https:\/\/www.made-in-slovakia.com\/wp-content\/uploads\/2024\/10\/IMG_20221107_115733-1-scaled-e1742237709690-1024x627.jpg\" class=\"attachment-large size-large wp-image-146\" alt=\"\" srcset=\"https:\/\/www.made-in-slovakia.com\/wp-content\/uploads\/2024\/10\/IMG_20221107_115733-1-scaled-e1742237709690-1024x627.jpg 1024w, https:\/\/www.made-in-slovakia.com\/wp-content\/uploads\/2024\/10\/IMG_20221107_115733-1-scaled-e1742237709690-300x184.jpg 300w, https:\/\/www.made-in-slovakia.com\/wp-content\/uploads\/2024\/10\/IMG_20221107_115733-1-scaled-e1742237709690-768x470.jpg 768w, https:\/\/www.made-in-slovakia.com\/wp-content\/uploads\/2024\/10\/IMG_20221107_115733-1-scaled-e1742237709690.jpg 1045w\" sizes=\"(max-width: 1024px) 100vw, 1024px\" \/>\t\t\t\t\t\t\t\t\t\t\t\t\t\t\t<\/div>\n\t\t\t\t<\/div>\n\t\t\t\t<\/div>\n\t\t<div class=\"elementor-element elementor-element-88ee00d e-con-full e-flex e-con e-child\" data-id=\"88ee00d\" data-element_type=\"container\">\n\t\t\t\t<div class=\"elementor-element elementor-element-5323692 elementor-widget-mobile__width-initial elementor-widget elementor-widget-image\" data-id=\"5323692\" data-element_type=\"widget\" data-settings=\"{&quot;_animation_mobile&quot;:&quot;lightSpeedIn&quot;}\" data-widget_type=\"image.default\">\n\t\t\t\t<div class=\"elementor-widget-container\">\n\t\t\t\t\t\t\t\t\t\t\t\t\t\t\t<img decoding=\"async\" width=\"1024\" height=\"624\" src=\"https:\/\/www.made-in-slovakia.com\/wp-content\/uploads\/2025\/03\/IMG_20221103_121433-scaled-e1741695341339-1024x624.jpg\" class=\"attachment-large size-large wp-image-347\" alt=\"\" srcset=\"https:\/\/www.made-in-slovakia.com\/wp-content\/uploads\/2025\/03\/IMG_20221103_121433-scaled-e1741695341339-1024x624.jpg 1024w, https:\/\/www.made-in-slovakia.com\/wp-content\/uploads\/2025\/03\/IMG_20221103_121433-scaled-e1741695341339-300x183.jpg 300w, https:\/\/www.made-in-slovakia.com\/wp-content\/uploads\/2025\/03\/IMG_20221103_121433-scaled-e1741695341339-768x468.jpg 768w, https:\/\/www.made-in-slovakia.com\/wp-content\/uploads\/2025\/03\/IMG_20221103_121433-scaled-e1741695341339-1536x936.jpg 1536w, https:\/\/www.made-in-slovakia.com\/wp-content\/uploads\/2025\/03\/IMG_20221103_121433-scaled-e1741695341339.jpg 1920w\" sizes=\"(max-width: 1024px) 100vw, 1024px\" \/>\t\t\t\t\t\t\t\t\t\t\t\t\t\t\t<\/div>\n\t\t\t\t<\/div>\n\t\t\t\t<\/div>\n\t\t\t\t\t<\/div>\n\t\t\t\t<\/div>\n\t\t<div class=\"elementor-element elementor-element-770f76a e-flex e-con-boxed e-con e-parent\" data-id=\"770f76a\" data-element_type=\"container\" data-settings=\"{&quot;background_background&quot;:&quot;gradient&quot;}\">\n\t\t\t\t\t<div class=\"e-con-inner\">\n\t\t\t\t<div class=\"elementor-element elementor-element-22158a8 elementor-widget elementor-widget-heading\" data-id=\"22158a8\" data-element_type=\"widget\" data-widget_type=\"heading.default\">\n\t\t\t\t<div class=\"elementor-widget-container\">\n\t\t\t\t\t<h2 class=\"elementor-heading-title elementor-size-default\">LEGENDA O BOXEROVI<\/h2>\t\t\t\t<\/div>\n\t\t\t\t<\/div>\n\t\t\t\t<div class=\"elementor-element elementor-element-377e9a5 elementor-widget elementor-widget-text-editor\" data-id=\"377e9a5\" data-element_type=\"widget\" data-widget_type=\"text-editor.default\">\n\t\t\t\t<div class=\"elementor-widget-container\">\n\t\t\t\t\t\t\t\t\t<p>Star\u00e1 nemeck\u00e1 rozpr\u00e1vka rozpr\u00e1va, \u017ee po stvoren\u00ed neba a zeme, ke\u010f sa u\u017e vo vod\u00e1ch preh\u00e1\u0148ali ryby a v oblakoch vzn\u00e1\u0161ali vt\u00e1ky, rozhodol sa Boh, \u017ee stvor\u00ed v\u0161etky pozemsk\u00e9 zvierat\u00e1. Dal sa do diela, a ke\u010f bol s pr\u00e1cou hotov\u00fd, s uspokojen\u00edm si prezeral v\u0161etky zvierat\u00e1, medzi nimi aj psy. Pri poh\u013eade na mno\u017estvo r\u00f4znych ve\u013ekost\u00ed, druhov srsti a farieb bol prekvapen\u00fd s\u00e1m zo seba, ko\u013eko ps\u00edch plemien vytvoril. Tak\u00e1 rozmanitos\u0165 sa nevyskytovala u \u017eiadneho in\u00e9ho druhu v \u017eivo\u010d\u00ed\u0161nej r\u00ed\u0161i. A predsa mal Stvorite\u013e, h\u013eadiac na toto svoje dielo, pocit, \u017ee nie je nateraz hotov\u00fd. Chcel vytvori\u0165 psa, v ktorom by bola s\u00fastreden\u00e1 u\u0161\u013eachtilos\u0165 a sila, r\u00fdchlos\u0165 a odvaha zladen\u00e1 s dobromyse\u013enos\u0165ou. Po chv\u00edli v\u00e1hania vzal teda do r\u00fak hrs\u0165 hliny a za\u010dal modelova\u0165 psa. Tento pes sa podobal stavbou tela dne\u0161n\u00e9mu boxerovi, len hlavu mal podobn\u00fa, ako maj\u00fa ostatn\u00e9 psy. Ke\u010f Stvorite\u013e dielo ukon\u010dil, zad\u00edval sa na neho s ve\u013ek\u00fdm za\u013e\u00faben\u00edm. \u201eTento pes,\u201c povedal, \u201esa mi nad o\u010dak\u00e1vania podaril. Je najdokonalej\u0161\u00ed zo v\u0161etk\u00fdch psov.\u201c Potom dal P\u00e1nboh nov\u00e9ho psa bokom, preto\u017ee bol doteraz m\u00e4kk\u00fd a mohol by sa \u013eahko po\u0161kodi\u0165. Nov\u00fd pes v\u0161ak dobre po\u010dul slov\u00e1 svojho Stvorite\u013ea a prejavom uznania a obdivu sa hne\u010f pov\u00fd\u0161il na kr\u00e1\u013ea v\u0161etk\u00fdch psov. Za\u010dal sa vyp\u00edna\u0165 nad ostatn\u00fdmi psami a vy\u017eadova\u0165 ich poddanstvo a \u00factu. Mal\u00e9 plemen\u00e1 ho prijali v\u013e\u00fadne, a obozn\u00e1men\u00e9 s jeho v\u00fdsadn\u00fdm postaven\u00edm, prejavovali mu pocty, ktor\u00e9 \u017eiadal a ktor\u00e9 mu pod\u013ea jeho n\u00e1zoru prin\u00e1le\u017eali. Odli\u0161ne sa v\u0161ak spr\u00e1vali psy ve\u013ek\u00fdch plemien. \u0164a\u017eko niesli, \u017ee by mali by\u0165 podriaden\u00ed psovi strednej ve\u013ekosti. Zlostne vr\u010dali a cenili zuby. To sa v\u0161ak nep\u00e1\u010dilo nov\u00e9mu psovi a pocit vl\u00e1dcu, ktor\u00fd v \u0148om ned\u00e1vno vzkl\u00ed\u010dil, mu nedovo\u013eoval strpie\u0165 tak\u00fa vzburu. Preto n\u00e1hle vysko\u010dil a s plnou z\u00farivos\u0165ou sa vrhol proti svojim odporcom. Ale chyba! Zabudol, \u017ee jeho \u0148uf\u00e1k je doteraz m\u00e4kk\u00fd, preto\u017ee bol vytvoren\u00fd naposledy. N\u00e1raz bol pr\u00edli\u0161 prudk\u00fd. Boh, vidiac p\u00fdchu svojho umenia v paz\u00faroch ve\u013ek\u00fdch psov, pri\u0161iel svojmu chr\u00e1nencovi na pomoc. Ne\u0161\u0165astie v\u0161ak u\u017e bolo hotov\u00e9. Boh nevedel, \u010di sa m\u00e1 pri poh\u013eade na ob\u013e\u00faben\u00e9ho psa hneva\u0165, alebo smia\u0165 sa. Chcel predsa vytvori\u0165 psa, ktor\u00fd by vynikal rozumnos\u0165ou a rozvahou, nie v\u0161ak zlostn\u00e9ho vl\u00e1dcu. Nakoniec prekonal svoje sklamanie a hovoril: \u201eTak, ako teraz si, zosta\u0148 natrvalo, a\u017e po najneskor\u0161ie \u010dasy. A toto znetvorenie nech ti je nav\u017edy ponau\u010den\u00edm, \u017ee nerozv\u00e1\u017enos\u0165 a zlos\u0165 sa nevypl\u00e1caj\u00fa!\u201c Tak sa aj stalo. Pes pripom\u00ednaj\u00faci tvarom hlavy boxera vracaj\u00faceho sa z ringu bol nesk\u00f4r \u013eu\u010fmi naz\u00fdvan\u00fd boxer. Av\u0161ak pou\u010den\u00fd vtedaj\u0161ou svojou nerozv\u00e1\u017enos\u0165ou, stal sa pokojn\u00fdm a mil\u00fdm psom, odv\u00e1\u017enym, ale nie zbrkl\u00fdm, psom rozumn\u00fdm a inteligentn\u00fdm, ktor\u00fd nevyh\u013ead\u00e1va probl\u00e9my a bitky a svoje sily pou\u017e\u00edva len vo ve\u013emi nutn\u00fdch pr\u00edpadoch. Znal\u00fd s\u00e1m svojho prad\u00e1vneho osudu, stal sa skvel\u00fdm ochrancom t\u00fdch, ktor\u00ed s\u00fa \u013eahko zranite\u013en\u00ed, det\u00ed. Svojou milou povahou a m\u00fadrym poh\u013eadom o\u010d\u00ed prekonal vadu svojej psej tv\u00e1re nato\u013eko, \u017ee sa mnoh\u00fdm p\u00e1\u010di. A tak ho pozn\u00e1me dodnes.<\/p>\t\t\t\t\t\t\t\t<\/div>\n\t\t\t\t<\/div>\n\t\t\t\t\t<\/div>\n\t\t\t\t<\/div>\n\t\t<div class=\"elementor-element elementor-element-77ad148 e-grid e-con-boxed e-con e-parent\" data-id=\"77ad148\" data-element_type=\"container\" data-settings=\"{&quot;background_background&quot;:&quot;gradient&quot;}\">\n\t\t\t\t\t<div class=\"e-con-inner\">\n\t\t\t\t<div class=\"elementor-element elementor-element-11f36b4 elementor-widget elementor-widget-image\" data-id=\"11f36b4\" data-element_type=\"widget\" data-widget_type=\"image.default\">\n\t\t\t\t<div class=\"elementor-widget-container\">\n\t\t\t\t\t\t\t\t\t\t\t\t<figure class=\"wp-caption\">\n\t\t\t\t\t\t\t\t\t\t<img decoding=\"async\" width=\"642\" height=\"450\" src=\"https:\/\/www.made-in-slovakia.com\/wp-content\/uploads\/2025\/03\/Snimka-obrazovky-2025-03-16-144858-e1742133171183-642x450.png\" class=\"attachment-ocean-thumb-ml size-ocean-thumb-ml wp-image-1268\" alt=\"\" \/>\t\t\t\t\t\t\t\t\t\t\t<figcaption class=\"widget-image-caption wp-caption-text\">Mapa starovek\u00e9ho Gr\u00e9cka<\/figcaption>\n\t\t\t\t\t\t\t\t\t\t<\/figure>\n\t\t\t\t\t\t\t\t\t<\/div>\n\t\t\t\t<\/div>\n\t\t\t\t<div class=\"elementor-element elementor-element-77cf849 elementor-widget elementor-widget-image\" data-id=\"77cf849\" data-element_type=\"widget\" data-widget_type=\"image.default\">\n\t\t\t\t<div class=\"elementor-widget-container\">\n\t\t\t\t\t\t\t\t\t\t\t\t<figure class=\"wp-caption\">\n\t\t\t\t\t\t\t\t\t\t<img loading=\"lazy\" decoding=\"async\" width=\"326\" height=\"230\" src=\"https:\/\/www.made-in-slovakia.com\/wp-content\/uploads\/2025\/03\/stockman-plastika-1.png\" class=\"attachment-ocean-thumb-ml size-ocean-thumb-ml wp-image-969\" alt=\"\" srcset=\"https:\/\/www.made-in-slovakia.com\/wp-content\/uploads\/2025\/03\/stockman-plastika-1.png 326w, https:\/\/www.made-in-slovakia.com\/wp-content\/uploads\/2025\/03\/stockman-plastika-1-300x212.png 300w\" sizes=\"(max-width: 326px) 100vw, 326px\" \/>\t\t\t\t\t\t\t\t\t\t\t<figcaption class=\"widget-image-caption wp-caption-text\">Plastika ide\u00e1lneho boxera od F. Stockmann<\/figcaption>\n\t\t\t\t\t\t\t\t\t\t<\/figure>\n\t\t\t\t\t\t\t\t\t<\/div>\n\t\t\t\t<\/div>\n\t\t\t\t<div class=\"elementor-element elementor-element-888488a elementor-widget elementor-widget-image\" data-id=\"888488a\" data-element_type=\"widget\" data-widget_type=\"image.default\">\n\t\t\t\t<div class=\"elementor-widget-container\">\n\t\t\t\t\t\t\t\t\t\t\t\t<figure class=\"wp-caption\">\n\t\t\t\t\t\t\t\t\t\t<img loading=\"lazy\" decoding=\"async\" width=\"609\" height=\"425\" src=\"https:\/\/www.made-in-slovakia.com\/wp-content\/uploads\/2025\/03\/Snimka-obrazovky-2025-03-16-145114.png\" class=\"attachment-ocean-thumb-ml size-ocean-thumb-ml wp-image-1270\" alt=\"\" srcset=\"https:\/\/www.made-in-slovakia.com\/wp-content\/uploads\/2025\/03\/Snimka-obrazovky-2025-03-16-145114.png 609w, https:\/\/www.made-in-slovakia.com\/wp-content\/uploads\/2025\/03\/Snimka-obrazovky-2025-03-16-145114-300x209.png 300w\" sizes=\"(max-width: 609px) 100vw, 609px\" \/>\t\t\t\t\t\t\t\t\t\t\t<figcaption class=\"widget-image-caption wp-caption-text\">Legend\u00e1rny Molossk\u00fd pes<\/figcaption>\n\t\t\t\t\t\t\t\t\t\t<\/figure>\n\t\t\t\t\t\t\t\t\t<\/div>\n\t\t\t\t<\/div>\n\t\t\t\t\t<\/div>\n\t\t\t\t<\/div>\n\t\t\t\t<\/div>\n\t\t","protected":false},"excerpt":{"rendered":"<p>M\u00f4J pr\u00edbeh M\u00f4j pr\u00edbeh sa za\u010dal v roku 2022, ke\u010f som sa rozhodol priv\u00edta\u0165 do svojho \u017eivota prv\u00e9ho boxera. Vtedy som ani len netu\u0161il, \u017ee by som sa niekedy mohol sta\u0165 chovate\u013eom. M\u00f4j prv\u00fd pes, napriek v\u0161etk\u00e9mu \u00fasiliu a invest\u00edci\u00e1m, pod\u013eahol izospori\u00e1ze (parazit, ktor\u00fd sa objavuje v\u00a0\u010drev\u00e1ch a\u00a0u\u00a0\u0161teniat sp\u00f4sobuje smr\u0165). V\u00a0mojom pr\u00edpade bolo toto ochorenie [&hellip;]<\/p>\n","protected":false},"author":1,"featured_media":0,"parent":0,"menu_order":0,"comment_status":"closed","ping_status":"closed","template":"","meta":{"ocean_post_layout":"","ocean_both_sidebars_style":"","ocean_both_sidebars_content_width":0,"ocean_both_sidebars_sidebars_width":0,"ocean_sidebar":"","ocean_second_sidebar":"","ocean_disable_margins":"enable","ocean_add_body_class":"","ocean_shortcode_before_top_bar":"","ocean_shortcode_after_top_bar":"","ocean_shortcode_before_header":"","ocean_shortcode_after_header":"","ocean_has_shortcode":"","ocean_shortcode_after_title":"","ocean_shortcode_before_footer_widgets":"","ocean_shortcode_after_footer_widgets":"","ocean_shortcode_before_footer_bottom":"","ocean_shortcode_after_footer_bottom":"","ocean_display_top_bar":"default","ocean_display_header":"default","ocean_header_style":"","ocean_center_header_left_menu":"","ocean_custom_header_template":"","ocean_custom_logo":0,"ocean_custom_retina_logo":0,"ocean_custom_logo_max_width":0,"ocean_custom_logo_tablet_max_width":0,"ocean_custom_logo_mobile_max_width":0,"ocean_custom_logo_max_height":0,"ocean_custom_logo_tablet_max_height":0,"ocean_custom_logo_mobile_max_height":0,"ocean_header_custom_menu":"","ocean_menu_typo_font_family":"","ocean_menu_typo_font_subset":"","ocean_menu_typo_font_size":0,"ocean_menu_typo_font_size_tablet":0,"ocean_menu_typo_font_size_mobile":0,"ocean_menu_typo_font_size_unit":"px","ocean_menu_typo_font_weight":"","ocean_menu_typo_font_weight_tablet":"","ocean_menu_typo_font_weight_mobile":"","ocean_menu_typo_transform":"","ocean_menu_typo_transform_tablet":"","ocean_menu_typo_transform_mobile":"","ocean_menu_typo_line_height":0,"ocean_menu_typo_line_height_tablet":0,"ocean_menu_typo_line_height_mobile":0,"ocean_menu_typo_line_height_unit":"","ocean_menu_typo_spacing":0,"ocean_menu_typo_spacing_tablet":0,"ocean_menu_typo_spacing_mobile":0,"ocean_menu_typo_spacing_unit":"","ocean_menu_link_color":"","ocean_menu_link_color_hover":"","ocean_menu_link_color_active":"","ocean_menu_link_background":"","ocean_menu_link_hover_background":"","ocean_menu_link_active_background":"","ocean_menu_social_links_bg":"","ocean_menu_social_hover_links_bg":"","ocean_menu_social_links_color":"","ocean_menu_social_hover_links_color":"","ocean_disable_title":"default","ocean_disable_heading":"default","ocean_post_title":"","ocean_post_subheading":"","ocean_post_title_style":"","ocean_post_title_background_color":"","ocean_post_title_background":0,"ocean_post_title_bg_image_position":"","ocean_post_title_bg_image_attachment":"","ocean_post_title_bg_image_repeat":"","ocean_post_title_bg_image_size":"","ocean_post_title_height":0,"ocean_post_title_bg_overlay":0.5,"ocean_post_title_bg_overlay_color":"","ocean_disable_breadcrumbs":"default","ocean_breadcrumbs_color":"","ocean_breadcrumbs_separator_color":"","ocean_breadcrumbs_links_color":"","ocean_breadcrumbs_links_hover_color":"","ocean_display_footer_widgets":"default","ocean_display_footer_bottom":"default","ocean_custom_footer_template":"","footnotes":""},"class_list":["post-1134","page","type-page","status-publish","hentry","entry"],"_links":{"self":[{"href":"https:\/\/www.made-in-slovakia.com\/index.php?rest_route=\/wp\/v2\/pages\/1134","targetHints":{"allow":["GET"]}}],"collection":[{"href":"https:\/\/www.made-in-slovakia.com\/index.php?rest_route=\/wp\/v2\/pages"}],"about":[{"href":"https:\/\/www.made-in-slovakia.com\/index.php?rest_route=\/wp\/v2\/types\/page"}],"author":[{"embeddable":true,"href":"https:\/\/www.made-in-slovakia.com\/index.php?rest_route=\/wp\/v2\/users\/1"}],"replies":[{"embeddable":true,"href":"https:\/\/www.made-in-slovakia.com\/index.php?rest_route=%2Fwp%2Fv2%2Fcomments&post=1134"}],"version-history":[{"count":83,"href":"https:\/\/www.made-in-slovakia.com\/index.php?rest_route=\/wp\/v2\/pages\/1134\/revisions"}],"predecessor-version":[{"id":2164,"href":"https:\/\/www.made-in-slovakia.com\/index.php?rest_route=\/wp\/v2\/pages\/1134\/revisions\/2164"}],"wp:attachment":[{"href":"https:\/\/www.made-in-slovakia.com\/index.php?rest_route=%2Fwp%2Fv2%2Fmedia&parent=1134"}],"curies":[{"name":"wp","href":"https:\/\/api.w.org\/{rel}","templated":true}]}}