{"id":1174,"date":"2025-03-16T11:49:33","date_gmt":"2025-03-16T11:49:33","guid":{"rendered":"https:\/\/www.made-in-slovakia.com\/?page_id=1174"},"modified":"2025-05-28T14:01:25","modified_gmt":"2025-05-28T14:01:25","slug":"chovatelske-priestory","status":"publish","type":"page","link":"https:\/\/www.made-in-slovakia.com\/?page_id=1174","title":{"rendered":"CHOVATELSK\u00c9 PRIESTORY"},"content":{"rendered":"\t\t<div data-elementor-type=\"wp-page\" data-elementor-id=\"1174\" class=\"elementor elementor-1174\">\n\t\t\t\t<div class=\"elementor-element elementor-element-17a2bb3 e-flex e-con-boxed e-con e-parent\" data-id=\"17a2bb3\" data-element_type=\"container\">\n\t\t\t\t\t<div class=\"e-con-inner\">\n\t\t\t\t<div class=\"elementor-element elementor-element-1d95b2a elementor-widget elementor-widget-heading\" data-id=\"1d95b2a\" data-element_type=\"widget\" data-widget_type=\"heading.default\">\n\t\t\t\t<div class=\"elementor-widget-container\">\n\t\t\t\t\t<h2 class=\"elementor-heading-title elementor-size-default\">P\u00f4rodn\u00e1 bed\u0148a pre \u0161teniatka<\/h2>\t\t\t\t<\/div>\n\t\t\t\t<\/div>\n\t\t\t\t\t<\/div>\n\t\t\t\t<\/div>\n\t\t<div class=\"elementor-element elementor-element-22b2173 e-flex e-con-boxed e-con e-parent\" data-id=\"22b2173\" data-element_type=\"container\">\n\t\t\t\t\t<div class=\"e-con-inner\">\n\t\t<div class=\"elementor-element elementor-element-632993d e-con-full e-flex e-con e-child\" data-id=\"632993d\" data-element_type=\"container\">\n\t\t\t\t<div class=\"elementor-element elementor-element-0845d16 elementor-widget elementor-widget-image\" data-id=\"0845d16\" data-element_type=\"widget\" data-widget_type=\"image.default\">\n\t\t\t\t<div class=\"elementor-widget-container\">\n\t\t\t\t\t\t\t\t\t\t\t\t\t\t\t<img fetchpriority=\"high\" decoding=\"async\" width=\"600\" height=\"600\" src=\"https:\/\/www.made-in-slovakia.com\/wp-content\/uploads\/2025\/04\/IMG_4752-600x600.jpeg\" class=\"attachment-ocean-thumb-m size-ocean-thumb-m wp-image-2227\" alt=\"\" srcset=\"https:\/\/www.made-in-slovakia.com\/wp-content\/uploads\/2025\/04\/IMG_4752-600x600.jpeg 600w, https:\/\/www.made-in-slovakia.com\/wp-content\/uploads\/2025\/04\/IMG_4752-150x150.jpeg 150w\" sizes=\"(max-width: 600px) 100vw, 600px\" \/>\t\t\t\t\t\t\t\t\t\t\t\t\t\t\t<\/div>\n\t\t\t\t<\/div>\n\t\t\t\t<\/div>\n\t\t<div class=\"elementor-element elementor-element-4120780 e-con-full e-flex e-con e-child\" data-id=\"4120780\" data-element_type=\"container\">\n\t\t\t\t<div class=\"elementor-element elementor-element-7f5cc7c elementor-widget elementor-widget-image\" data-id=\"7f5cc7c\" data-element_type=\"widget\" data-widget_type=\"image.default\">\n\t\t\t\t<div class=\"elementor-widget-container\">\n\t\t\t\t\t\t\t\t\t\t\t\t\t\t\t<img decoding=\"async\" width=\"600\" height=\"600\" src=\"https:\/\/www.made-in-slovakia.com\/wp-content\/uploads\/2025\/04\/IMG_4751-600x600.jpeg\" class=\"attachment-ocean-thumb-m size-ocean-thumb-m wp-image-2229\" alt=\"\" srcset=\"https:\/\/www.made-in-slovakia.com\/wp-content\/uploads\/2025\/04\/IMG_4751-600x600.jpeg 600w, https:\/\/www.made-in-slovakia.com\/wp-content\/uploads\/2025\/04\/IMG_4751-150x150.jpeg 150w\" sizes=\"(max-width: 600px) 100vw, 600px\" \/>\t\t\t\t\t\t\t\t\t\t\t\t\t\t\t<\/div>\n\t\t\t\t<\/div>\n\t\t\t\t<\/div>\n\t\t\t\t\t<\/div>\n\t\t\t\t<\/div>\n\t\t<div class=\"elementor-element elementor-element-4822f71 e-flex e-con-boxed e-con e-parent\" data-id=\"4822f71\" data-element_type=\"container\">\n\t\t\t\t\t<div class=\"e-con-inner\">\n\t\t\t\t<div class=\"elementor-element elementor-element-a4e6e1a elementor-widget elementor-widget-heading\" data-id=\"a4e6e1a\" data-element_type=\"widget\" data-widget_type=\"heading.default\">\n\t\t\t\t<div class=\"elementor-widget-container\">\n\t\t\t\t\t<h2 class=\"elementor-heading-title elementor-size-default\">V\u00fdbeh pre \u0161teniatka<\/h2>\t\t\t\t<\/div>\n\t\t\t\t<\/div>\n\t\t\t\t\t<\/div>\n\t\t\t\t<\/div>\n\t\t<div class=\"elementor-element elementor-element-b82e281 e-flex e-con-boxed e-con e-parent\" data-id=\"b82e281\" data-element_type=\"container\">\n\t\t\t\t\t<div class=\"e-con-inner\">\n\t\t<div class=\"elementor-element elementor-element-5b56c23 e-con-full e-flex e-con e-child\" data-id=\"5b56c23\" data-element_type=\"container\">\n\t\t\t\t<div class=\"elementor-element elementor-element-35efbad elementor-widget elementor-widget-image\" data-id=\"35efbad\" data-element_type=\"widget\" data-widget_type=\"image.default\">\n\t\t\t\t<div class=\"elementor-widget-container\">\n\t\t\t\t\t\t\t\t\t\t\t\t\t\t\t<img decoding=\"async\" width=\"1024\" height=\"987\" src=\"https:\/\/www.made-in-slovakia.com\/wp-content\/uploads\/2025\/04\/IMG_4754-scaled-e1744980279936-1024x987.jpeg\" class=\"attachment-large size-large wp-image-2238\" alt=\"\" srcset=\"https:\/\/www.made-in-slovakia.com\/wp-content\/uploads\/2025\/04\/IMG_4754-scaled-e1744980279936-1024x987.jpeg 1024w, https:\/\/www.made-in-slovakia.com\/wp-content\/uploads\/2025\/04\/IMG_4754-scaled-e1744980279936-300x289.jpeg 300w, https:\/\/www.made-in-slovakia.com\/wp-content\/uploads\/2025\/04\/IMG_4754-scaled-e1744980279936-768x740.jpeg 768w, https:\/\/www.made-in-slovakia.com\/wp-content\/uploads\/2025\/04\/IMG_4754-scaled-e1744980279936-1536x1480.jpeg 1536w, https:\/\/www.made-in-slovakia.com\/wp-content\/uploads\/2025\/04\/IMG_4754-scaled-e1744980279936.jpeg 1920w\" sizes=\"(max-width: 1024px) 100vw, 1024px\" \/>\t\t\t\t\t\t\t\t\t\t\t\t\t\t\t<\/div>\n\t\t\t\t<\/div>\n\t\t\t\t<\/div>\n\t\t<div class=\"elementor-element elementor-element-34d4b5a e-con-full e-flex e-con e-child\" data-id=\"34d4b5a\" data-element_type=\"container\">\n\t\t\t\t<div class=\"elementor-element elementor-element-080133a elementor-widget elementor-widget-image\" data-id=\"080133a\" data-element_type=\"widget\" data-widget_type=\"image.default\">\n\t\t\t\t<div class=\"elementor-widget-container\">\n\t\t\t\t\t\t\t\t\t\t\t\t\t\t\t<img loading=\"lazy\" decoding=\"async\" width=\"1024\" height=\"974\" src=\"https:\/\/www.made-in-slovakia.com\/wp-content\/uploads\/2025\/04\/IMG_4755-scaled-e1744980305382-1024x974.jpeg\" class=\"attachment-large size-large wp-image-2237\" alt=\"\" srcset=\"https:\/\/www.made-in-slovakia.com\/wp-content\/uploads\/2025\/04\/IMG_4755-scaled-e1744980305382-1024x974.jpeg 1024w, https:\/\/www.made-in-slovakia.com\/wp-content\/uploads\/2025\/04\/IMG_4755-scaled-e1744980305382-300x285.jpeg 300w, https:\/\/www.made-in-slovakia.com\/wp-content\/uploads\/2025\/04\/IMG_4755-scaled-e1744980305382-768x731.jpeg 768w, https:\/\/www.made-in-slovakia.com\/wp-content\/uploads\/2025\/04\/IMG_4755-scaled-e1744980305382-1536x1462.jpeg 1536w, https:\/\/www.made-in-slovakia.com\/wp-content\/uploads\/2025\/04\/IMG_4755-scaled-e1744980305382.jpeg 1920w\" sizes=\"(max-width: 1024px) 100vw, 1024px\" \/>\t\t\t\t\t\t\t\t\t\t\t\t\t\t\t<\/div>\n\t\t\t\t<\/div>\n\t\t\t\t<\/div>\n\t\t\t\t\t<\/div>\n\t\t\t\t<\/div>\n\t\t<div class=\"elementor-element elementor-element-1c49b68 e-flex e-con-boxed e-con e-parent\" data-id=\"1c49b68\" data-element_type=\"container\">\n\t\t\t\t\t<div class=\"e-con-inner\">\n\t\t\t\t<div class=\"elementor-element elementor-element-d428ae1 elementor-widget elementor-widget-heading\" data-id=\"d428ae1\" data-element_type=\"widget\" data-widget_type=\"heading.default\">\n\t\t\t\t<div class=\"elementor-widget-container\">\n\t\t\t\t\t<h2 class=\"elementor-heading-title elementor-size-default\">Priestor na socializ\u00e1ciu \u0161teniatok - HER\u0147A<\/h2>\t\t\t\t<\/div>\n\t\t\t\t<\/div>\n\t\t\t\t\t<\/div>\n\t\t\t\t<\/div>\n\t\t<div class=\"elementor-element elementor-element-feedb06 e-flex e-con-boxed e-con e-parent\" data-id=\"feedb06\" data-element_type=\"container\">\n\t\t\t\t\t<div class=\"e-con-inner\">\n\t\t\t\t<div class=\"elementor-element elementor-element-84b352d elementor-widget elementor-widget-image\" data-id=\"84b352d\" data-element_type=\"widget\" data-widget_type=\"image.default\">\n\t\t\t\t<div class=\"elementor-widget-container\">\n\t\t\t\t\t\t\t\t\t\t\t\t\t\t\t<img loading=\"lazy\" decoding=\"async\" width=\"1024\" height=\"472\" src=\"https:\/\/www.made-in-slovakia.com\/wp-content\/uploads\/2025\/05\/20250526_183712-1024x472.jpg\" class=\"attachment-large size-large wp-image-2434\" alt=\"\" srcset=\"https:\/\/www.made-in-slovakia.com\/wp-content\/uploads\/2025\/05\/20250526_183712-1024x472.jpg 1024w, https:\/\/www.made-in-slovakia.com\/wp-content\/uploads\/2025\/05\/20250526_183712-300x138.jpg 300w, https:\/\/www.made-in-slovakia.com\/wp-content\/uploads\/2025\/05\/20250526_183712-768x354.jpg 768w, https:\/\/www.made-in-slovakia.com\/wp-content\/uploads\/2025\/05\/20250526_183712-1536x708.jpg 1536w, https:\/\/www.made-in-slovakia.com\/wp-content\/uploads\/2025\/05\/20250526_183712-2048x944.jpg 2048w\" sizes=\"(max-width: 1024px) 100vw, 1024px\" \/>\t\t\t\t\t\t\t\t\t\t\t\t\t\t\t<\/div>\n\t\t\t\t<\/div>\n\t\t\t\t\t<\/div>\n\t\t\t\t<\/div>\n\t\t\t\t<\/div>\n\t\t","protected":false},"excerpt":{"rendered":"<p>P\u00f4rodn\u00e1 bed\u0148a pre \u0161teniatka V\u00fdbeh pre \u0161teniatka Priestor na socializ\u00e1ciu \u0161teniatok &#8211; HER\u0147A<\/p>\n","protected":false},"author":1,"featured_media":0,"parent":0,"menu_order":0,"comment_status":"closed","ping_status":"closed","template":"","meta":{"ocean_post_layout":"","ocean_both_sidebars_style":"","ocean_both_sidebars_content_width":0,"ocean_both_sidebars_sidebars_width":0,"ocean_sidebar":"","ocean_second_sidebar":"","ocean_disable_margins":"enable","ocean_add_body_class":"","ocean_shortcode_before_top_bar":"","ocean_shortcode_after_top_bar":"","ocean_shortcode_before_header":"","ocean_shortcode_after_header":"","ocean_has_shortcode":"","ocean_shortcode_after_title":"","ocean_shortcode_before_footer_widgets":"","ocean_shortcode_after_footer_widgets":"","ocean_shortcode_before_footer_bottom":"","ocean_shortcode_after_footer_bottom":"","ocean_display_top_bar":"default","ocean_display_header":"default","ocean_header_style":"","ocean_center_header_left_menu":"","ocean_custom_header_template":"","ocean_custom_logo":0,"ocean_custom_retina_logo":0,"ocean_custom_logo_max_width":0,"ocean_custom_logo_tablet_max_width":0,"ocean_custom_logo_mobile_max_width":0,"ocean_custom_logo_max_height":0,"ocean_custom_logo_tablet_max_height":0,"ocean_custom_logo_mobile_max_height":0,"ocean_header_custom_menu":"","ocean_menu_typo_font_family":"","ocean_menu_typo_font_subset":"","ocean_menu_typo_font_size":0,"ocean_menu_typo_font_size_tablet":0,"ocean_menu_typo_font_size_mobile":0,"ocean_menu_typo_font_size_unit":"px","ocean_menu_typo_font_weight":"","ocean_menu_typo_font_weight_tablet":"","ocean_menu_typo_font_weight_mobile":"","ocean_menu_typo_transform":"","ocean_menu_typo_transform_tablet":"","ocean_menu_typo_transform_mobile":"","ocean_menu_typo_line_height":0,"ocean_menu_typo_line_height_tablet":0,"ocean_menu_typo_line_height_mobile":0,"ocean_menu_typo_line_height_unit":"","ocean_menu_typo_spacing":0,"ocean_menu_typo_spacing_tablet":0,"ocean_menu_typo_spacing_mobile":0,"ocean_menu_typo_spacing_unit":"","ocean_menu_link_color":"","ocean_menu_link_color_hover":"","ocean_menu_link_color_active":"","ocean_menu_link_background":"","ocean_menu_link_hover_background":"","ocean_menu_link_active_background":"","ocean_menu_social_links_bg":"","ocean_menu_social_hover_links_bg":"","ocean_menu_social_links_color":"","ocean_menu_social_hover_links_color":"","ocean_disable_title":"default","ocean_disable_heading":"default","ocean_post_title":"","ocean_post_subheading":"","ocean_post_title_style":"","ocean_post_title_background_color":"","ocean_post_title_background":0,"ocean_post_title_bg_image_position":"","ocean_post_title_bg_image_attachment":"","ocean_post_title_bg_image_repeat":"","ocean_post_title_bg_image_size":"","ocean_post_title_height":0,"ocean_post_title_bg_overlay":0.5,"ocean_post_title_bg_overlay_color":"","ocean_disable_breadcrumbs":"default","ocean_breadcrumbs_color":"","ocean_breadcrumbs_separator_color":"","ocean_breadcrumbs_links_color":"","ocean_breadcrumbs_links_hover_color":"","ocean_display_footer_widgets":"default","ocean_display_footer_bottom":"default","ocean_custom_footer_template":"","footnotes":""},"class_list":["post-1174","page","type-page","status-publish","hentry","entry"],"_links":{"self":[{"href":"https:\/\/www.made-in-slovakia.com\/index.php?rest_route=\/wp\/v2\/pages\/1174","targetHints":{"allow":["GET"]}}],"collection":[{"href":"https:\/\/www.made-in-slovakia.com\/index.php?rest_route=\/wp\/v2\/pages"}],"about":[{"href":"https:\/\/www.made-in-slovakia.com\/index.php?rest_route=\/wp\/v2\/types\/page"}],"author":[{"embeddable":true,"href":"https:\/\/www.made-in-slovakia.com\/index.php?rest_route=\/wp\/v2\/users\/1"}],"replies":[{"embeddable":true,"href":"https:\/\/www.made-in-slovakia.com\/index.php?rest_route=%2Fwp%2Fv2%2Fcomments&post=1174"}],"version-history":[{"count":28,"href":"https:\/\/www.made-in-slovakia.com\/index.php?rest_route=\/wp\/v2\/pages\/1174\/revisions"}],"predecessor-version":[{"id":2437,"href":"https:\/\/www.made-in-slovakia.com\/index.php?rest_route=\/wp\/v2\/pages\/1174\/revisions\/2437"}],"wp:attachment":[{"href":"https:\/\/www.made-in-slovakia.com\/index.php?rest_route=%2Fwp%2Fv2%2Fmedia&parent=1174"}],"curies":[{"name":"wp","href":"https:\/\/api.w.org\/{rel}","templated":true}]}}